Suppose -3*t + 12 = t. Let x(d) = 9*d - 3. Let g be x(t). Calculate the highest common divisor of g and b.
24
Let w(v) = -v + 24. Let n be w(0). Suppose 4 + 5 = 3*u. Suppose -3*r + 66 = -u*f, -r + 3*f + 20 = f. What is the greatest common divisor of r and n?
24
Let q be (-1 + 0)/((-1)/(-9)). Let z = q - -41. Calculate the highest common divisor of z and 16.
16
Suppose 9 - 11 = -l. Let a be (33/(-12))/((-5)/40). Calculate the greatest common factor of l and a.
2
Suppose -x - 2*r + 20 = -6*r, 4*r - 76 = -2*x. What is the highest common divisor of 80 and x?
16
Suppose -3*q + 5*u + 24 = 0, -3*q = -0*q + 3*u. Calculate the highest common divisor of q and 12.
3
Let l be 1 - (-3 + (-3)/3). Let d = 15 - l. What is the highest common factor of 40 and d?
10
Suppose 4*i - 308 = 5*q - 10*q, -189 = -3*q - i. Calculate the greatest common factor of q and 8.
8
Suppose 0*y = -9*y + 36. What is the greatest common factor of y and 12?
4
Let k(d) = d**3 - 7*d**2 - 15*d + 27. Let h be k(9). What is the highest common factor of h and 2?
2
Let b = -8 - -10. Suppose 0 = t - b*t + 18. Calculate the highest common factor of 12 and t.
6
Let o(a) = -a**3 - 8*a**2 - 8*a - 3. Let i be o(-7). What is the greatest common divisor of 16 and i?
4
Let l be 260/45 - (-2)/9. Calculate the highest common divisor of 54 and l.
6
Let h = -18 + 38. What is the greatest common divisor of 60 and h?
20
Let l = -21 - -15. Let r = l + 11. Calculate the greatest common factor of 45 and r.
5
Let v be (5 - 5) + 1 + 2. Suppose 0 = -x + 4*i + 19, -v*x + 4*i + 30 = i. Calculate the highest common factor of 35 and x.
7
Let m(o) = o + 8. Let h be m(7). Suppose -4*t + 46 = -3*g + 16, -5*g - 27 = t. Let j = g + 11. What is the highest common factor of h and j?
5
Let d = -2 - -135. Calculate the greatest common factor of 19 and d.
19
Let m be (-4)/(-10)*(11 + -6). Let p be (4 + (-1 - m))*29. What is the highest common factor of 87 and p?
29
Let h = -231 + 546. Calculate the greatest common factor of 35 and h.
35
Suppose 5*w - 146 = -376. Let u = 106 + w. What is the highest common divisor of 10 and u?
10
Let z be (-253)/(-5) - (-8)/20. Let t(d) be the second derivative of -5*d**3/3 - 3*d**2/2 - d. Let l be t(-2). Calculate the greatest common divisor of z and l.
17
Let b be 63/(-6)*(-120)/14. Suppose -4*a + 0*a + 8 = 0. Suppose y + 10 = a*y. What is the highest common divisor of b and y?
10
Suppose 2*w = -2*w + 900. Let g be ((-28)/6)/((-6)/w). Calculate the highest common factor of g and 25.
25
Suppose -5*u + 15 = 5. Suppose 2*v = -u*o + 16, 8*o - 3*o = 0. Suppose 0*f + 3*c = 5*f - 452, 0 = 5*c + 20. What is the highest common divisor of v and f?
8
Let y = 17 + -13. Suppose y*l - 30 = -5*x, 1 = 2*x - 4*x + l. Let f(j) = j + 2. Let o be f(-1). What is the highest common divisor of x and o?
1
Suppose 2*a - 29 = 21. Calculate the greatest common divisor of 75 and a.
25
Let q(z) = 5*z - 8. Let g be q(4). What is the greatest common divisor of g and 78?
6
Let y(u) = -4*u**2 + 2*u + u - 2 + u**2 + 26*u**3. Let z be y(2). Suppose 69 - 9 = 3*j - 2*q, 2*q - 40 = -2*j. Calculate the highest common divisor of j and z.
20
Let m be 904/(-3) + 8/24. Let g = m - -526. What is the greatest common divisor of 25 and g?
25
Let i = 4 - 10. Let b(u) = -u - 4. Let g be b(i). Calculate the greatest common divisor of 4 and g.
2
Let p(v) = -3*v**3 + v**2. Let n be p(-1). Suppose -n*t + 22 = -10. Calculate the greatest common divisor of 72 and t.
8
Let k(y) be the first derivative of -1/4*y**4 + 2*y**2 + 0*y**3 - y + 2. Let n be k(-5). What is the highest common factor of 13 and n?
13
Let b(a) = -a**3 - a**2 - 1. Let j be b(-2). Let g be 8/(-12) + (-52)/j. Let r be (-176)/g - 2/(-9). Calculate the highest common factor of r and 25.
5
Let m = 0 + 2. Suppose -42 = -x - 2*x. What is the greatest common divisor of m and x?
2
Let u be -24 - (-8)/(-12)*6. Let d = u + 40. Let j(v) = 11*v**2 + 1. Let h be j(1). Calculate the greatest common divisor of d and h.
12
Let v = 362 - 92. What is the greatest common factor of v and 30?
30
Let y = 1 - -11. Let r = 20 + 18. Suppose 4*z = j + 4*j + 134, -r = -z - j. Calculate the highest common factor of z and y.
12
Let x(t) = 2*t**3 - t**2 - t - 2. Let z be x(-2). Let r = z - -33. What is the highest common divisor of r and 13?
13
Suppose -4*h + 96 = 5*o, -5*o + 33 + 51 = h. Let r be (-1)/(-2) - 24/(-16). Calculate the highest common factor of o and r.
2
Let d be (2 - 1)*-2*-1. What is the greatest common factor of d and 5?
1
Let f = -47 + 66. Let b = -142 - -351. Calculate the highest common divisor of f and b.
19
Let d(u) = u**2 - u - 2. Let t be d(-2). Suppose 0*x = t*x - 16. What is the greatest common factor of 32 and x?
4
Let x = -59 + 85. What is the highest common divisor of 208 and x?
26
Let b be 1/1*(0 + -1). Let u be (8 - b) + 0 + 0. Let x(a) = a**2 + 23*a + 126. Let n be x(-8). What is the highest common factor of u and n?
3
Suppose -q = 1 + 11. Suppose 4*f + 4*g - 96 = 0, 2*g = -4*f + g + 81. Let m = f + q. What is the highest common factor of 42 and m?
7
Let c(n) = -16*n + 7. Let o be c(-8). Calculate the greatest common divisor of o and 9.
9
Let v = 5 + 0. Suppose -2*h = v*p - 19, 3*p + 5 - 24 = -5*h. Let a be (-11 + 1)*(-4 + p). Calculate the highest common divisor of 30 and a.
10
Suppose 0 = 2*n + 5 - 23. Calculate the greatest common factor of 36 and n.
9
Suppose -14*w - 140 + 924 = 0. Calculate the highest common divisor of w and 14.
14
Let y = 2 + 0. Let i be 1/4 + 33/12. Calculate the greatest common divisor of i and y.
1
Let p(u) = u**3 - 3*u**2 - 2*u + 4. Let c be p(4). Let r be (0 + 120)*(-1)/(-2). Calculate the greatest common factor of c and r.
12
Let y(t) be the first derivative of -3*t**4/4 - 2*t**3/3 + t**2 + t - 4. Let j be y(-2). Calculate the highest common divisor of 39 and j.
13
Suppose 31 - 2 = j. Let y = 0 + j. What is the highest common divisor of 145 and y?
29
Suppose 2*n - n + 95 = -v, 5*n = 2*v + 211. Let i = v - -170. Suppose -4*a = 5*x - 75, 3*x - 7*x = 4*a - i. What is the highest common factor of 15 and a?
15
Let b = 10 + -4. Let u(y) = 3*y**3 - 8*y**2 + 5*y - 2. Let g be u(5). Suppose 2*l = 5*l - g. Calculate the greatest common factor of b and l.
6
Let p be (5 + -1)*(-1)/2. Let r be (p - -1)*-7 + 2. Calculate the greatest common factor of 27 and r.
9
Let a = -387 + 585. Calculate the greatest common factor of a and 22.
22
Let y be (-8)/(-3)*((-15)/(-10) + 0). What is the greatest common factor of 20 and y?
4
Suppose 3*l = 5*a - 151, -4*a = a + 5*l - 175. Suppose c + c = a. Calculate the greatest common divisor of 112 and c.
16
Let r(k) = -k**3 - 5*k**2 + 2*k. Let l be (-1)/((-14)/(-8) - 2). Suppose -12 - 12 = l*o. Let v be r(o). What is the greatest common factor of 12 and v?
12
Suppose 3*o - 160 = -2*o. What is the greatest common factor of 16 and o?
16
Suppose 0 = -2*k + 2. Suppose 4*h = -3*s + 8, -4*s - 15 - k = 0. Suppose -h*z + 32 = -3. Calculate the highest common factor of z and 63.
7
Suppose -90 + 15 = -5*j. Suppose -4*u - 4*k = -28, u - 4 - 23 = -5*k. Let o be u/(1 + (-12)/j). What is the greatest common divisor of o and 5?
5
Let x(r) = 2*r**2 - 7*r - 22. Let u be x(10). Calculate the highest common factor of u and 12.
12
Suppose 3*y - 13 = 8. Calculate the highest common divisor of y and 14.
7
Suppose 0 = 4*a + 2 + 22. Let f(s) = -34*s - 6. Let m be f(a). Calculate the greatest common divisor of m and 18.
18
Let c = 71 + -48. Let d be 3534/14 - 108/(-189). What is the highest common divisor of d and c?
23
Let g(w) = 129*w**3 - w**2 + 2*w - 2. Let p be g(1). Calculate the highest common divisor of p and 16.
16
Let u(c) = 5*c**2 - 13*c - 9. Let w(y) = 11*y**2 - 26*y - 18. Let t(m) = -9*u(m) + 4*w(m). Let g be t(12). What is the highest common factor of g and 189?
21
Let g(p) be the second derivative of p**4/6 + 5*p**3/6 + 3*p**2/2 + p. Let v be g(-3). Calculate the highest common factor of 9 and v.
3
Suppose 0 = -2*y + 7*y - 165. Let p = 2 + 9. What is the greatest common divisor of y and p?
11
Let v = 69 - 54. Calculate the greatest common factor of 6 and v.
3
Suppose 0 = 4*z - 13 + 5. Let q = 5 - z. Suppose 0 = -q*m + 83 + 34. Calculate the highest common factor of m and 13.
13
Let f be (3/4)/((-15)/(-220)). Calculate the greatest c